 factors of 563308?
2, 140827
What are the prime factors of 1226308?
2, 306577
What are the prime factors of 1244352?
2, 3, 6481
List the prime factors of 5591037.
3, 71, 26249
List the prime factors of 26730970.
2, 5, 7, 17, 3209
What are the prime factors of 898912?
2, 7, 4013
What are the prime factors of 16830506?
2, 7, 11, 293, 373
List the prime factors of 6394370.
2, 5, 31, 20627
What are the prime factors of 243484?
2, 29, 2099
What are the prime factors of 549298?
2, 269, 1021
List the prime factors of 637107.
3, 212369
What are the prime factors of 17502773?
53, 330241
List the prime factors of 2305409.
2305409
List the prime factors of 3977466.
2, 3, 29, 22859
List the prime factors of 430208.
2, 3361
What are the prime factors of 109512?
2, 3, 13
List the prime factors of 672086.
2, 71, 4733
List the prime factors of 9306791.
13, 43, 16649
What are the prime factors of 491919?
3, 163973
What are the prime factors of 220541?
17, 12973
What are the prime factors of 3685219?
3685219
List the prime factors of 81310.
2, 5, 47, 173
What are the prime factors of 8024975?
5, 7, 6551
What are the prime factors of 900995?
5, 79, 2281
List the prime factors of 243510.
2, 3, 5, 8117
What are the prime factors of 1424348?
2, 97, 3671
What are the prime factors of 12633008?
2, 193, 4091
What are the prime factors of 783229?
137, 5717
List the prime factors of 1660015.
5, 7, 43, 1103
List the prime factors of 21620.
2, 5, 23, 47
List the prime factors of 6028053.
3, 373, 5387
What are the prime factors of 8543498?
2, 41, 43, 2423
List the prime factors of 1161224.
2, 23, 6311
List the prime factors of 11934383.
2179, 5477
List the prime factors of 124714.
2, 127, 491
What are the prime factors of 368297?
53, 6949
List the prime factors of 4388591.
227, 19333
What are the prime factors of 28943400?
2, 3, 5, 48239
List the prime factors of 1147236.
2, 3, 95603
List the prime factors of 998291.
7, 17, 8389
List the prime factors of 972301.
11, 157, 563
What are the prime factors of 4608308?
2, 1152077
List the prime factors of 4991021.
7, 191, 3733
List the prime factors of 9567204.
2, 3, 59, 13513
List the prime factors of 1871724.
2, 3, 61, 2557
List the prime factors of 76131.
3, 11, 769
List the prime factors of 479655.
3, 5, 11, 17, 19
What are the prime factors of 22527434?
2, 11263717
List the prime factors of 1296.
2, 3
List the prime factors of 15711535.
5, 7, 593, 757
List the prime factors of 4907403.
3, 545267
What are the prime factors of 4356099?
3, 11, 4889
What are the prime factors of 151023?
3, 50341
List the prime factors of 141368.
2, 41, 431
List the prime factors of 1225333.
431, 2843
List the prime factors of 10769192.
2, 7, 192307
What are the prime factors of 389865?
3, 5, 7, 47, 79
List the prime factors of 466701.
3, 17, 9151
List the prime factors of 1017504.
2, 3, 3533
What are the prime factors of 317771?
317771
What are the prime factors of 13829156?
2, 11, 314299
List the prime factors of 33863876.
2, 43, 47, 59, 71
List the prime factors of 137097.
3, 15233
List the prime factors of 1412623.
37, 73, 523
What are the prime factors of 324465?
3, 5, 97, 223
List the prime factors of 147938.
2, 7, 10567
List the prime factors of 2581979.
67, 89, 433
List the prime factors of 375431.
7, 53633
List the prime factors of 12840471.
3, 7, 67939
What are the prime factors of 291218?
2, 29, 5021
What are the prime factors of 344752?
2, 29, 743
List the prime factors of 5954112.
2, 3, 10337
What are the prime factors of 1149878?
2, 574939
List the prime factors of 103010.
2, 5, 10301
List the prime factors of 78275.
5, 31, 101
List the prime factors of 17922994.
2, 8961497
What are the prime factors of 4309788?
2, 3, 7, 51307
What are the prime factors of 5358087?
3, 7, 85049
What are the prime factors of 181929?
3, 11, 37, 149
List the prime factors of 28060831.
28060831
What are the prime factors of 1417675?
5, 7, 8101
What are the prime factors of 141014?
2, 70507
What are the prime factors of 6565732?
2, 67, 24499
What are the prime factors of 3716747?
3716747
List the prime factors of 1971975.
3, 5, 26293
What are the prime factors of 7154041?
97, 131, 563
What are the prime factors of 11520904?
2, 43, 107, 313
List the prime factors of 3550567.
3550567
What are the prime factors of 141037?
13, 19, 571
What are the prime factors of 148955?
5, 31
What are the prime factors of 102099?
3, 34033
List the prime factors of 609864.
2, 3, 25411
What are the prime factors of 692153?
7, 11, 89, 101
List the prime factors of 292979.
292979
What are the prime factors of 416074?
2, 208037
What are the prime factors of 4828091?
23, 209917
What are the prime factors of 4321838?
2, 23, 47, 1999
What are the prime factors of 465400?
2, 5, 13, 179
List the prime factors of 39601.
199
List the prime factors of 291217.
291217
List the prime factors of 245063.
7, 13, 2693
What are the prime factors of 503503?
7, 11, 13, 503
What are the prime factors of 439021?
11, 107, 373
What are the prime factors of 69703?
43, 1621
List the prime factors of 4594935.
3, 5, 306329
What are the prime factors of 9789118?
2, 31, 157889
What are the prime factors of 12356387?
12356387
What are the prime factors of 769680?
2, 3, 5, 1069
List the prime factors of 112148.
2, 23, 53
What are the prime factors of 7576282?
2, 7, 97, 797
List the prime factors of 2953861.
2953861
What are the prime factors of 52622?
2, 83, 317
What are the prime factors of 1836018?
2, 3, 102001
List the prime factors of 50535.
3, 5, 1123
What are the prime factors of 1186404?
2, 3, 98867
List the prime factors of 1320017.
661, 1997
What are the prime factors of 192720?
2, 3, 5, 11, 73
List the prime factors of 4919727.
3, 19, 86311
What are the prime factors of 26254480?
2, 5, 7, 173, 271
List the prime factors of 10604952.
2, 3, 29, 1693
List the prime factors of 66678.
2, 3, 11113
What are the prime factors of 20130211?
1399, 14389
What are the prime factors of 470362?
2, 235181
List the prime factors of 4565391.
3, 41, 37117
List the prime factors of 1525382.
2, 43, 17737
List the prime factors of 4562311.
13, 350947
List the prime factors of 961522.
2, 480761
List the prime factors of 9941289.
3, 3313763
What are the prime factors of 16010803?
16010803
What are the prime factors of 17197525?
5, 687901
What are the prime factors of 47301?
3, 15767
List the prime factors of 3656355.
3, 5, 173, 1409
List the prime factors of 2171446.
2, 83, 103, 127
List the prime factors of 7102469.
11, 23, 67, 419
List the prime factors of 3131936.
2, 97, 1009
What are the prime factors of 963556?
2, 11, 61, 359
What are the prime factors of 11163554?
2, 127, 43951
List the prime factors of 540926.
2, 270463
What are the prime factors of 20058710?
2, 5, 7, 286553
List the prime factors of 5244314.
2, 2622157
What are the prime factors of 152782?
2, 7, 1559
List the prime factors of 14588361.
3, 1620929
What are the prime factors of 25784706?
2, 3, 4297451
List the prime factors of 10099889.
191, 52879
List the prime factors of 10379465.
5, 2075893
List the prime factors of 1694453.
103, 16451
What are the prime factors of 431044?
2, 107761
What are the prime factors of 155421?
3, 7, 2467
List the prime factors of 1493285.
5, 101, 2957
List the prime factors of 92483.
23, 4021
List the prime factors of 164791.
11, 71, 211
List the prime factors of 220014.
2, 3, 17, 719
List the prime factors of 1051533.
3, 7, 16691
What are the prime factors of 2919030?
2, 3, 5, 97301
List the prime factors of 2697041.
37, 72893
What are the prime factors of 675113?
675113
List the prime factors of 184290.
2, 3, 5, 6143
What are the prime factors of 2720160?
2, 3, 5, 1889
List the prime factors of 225756.
2, 3, 6271
What are the prime factors of 86842?
2, 7, 6203
What are the prime factors of 10186597?
103, 98899
List the prime factors of 194452.
2, 173, 281
What are the prime factors of 137124?
2, 3, 13, 293
What are the prime factors of 7001?
7001
What are the prime factors of 2025002?
2, 7, 109, 1327
List the prime factors of 84527.
181, 467
List the prime factors of 7673529.
3, 2557843
What are the prime factors of 3810374?
2, 19, 197, 509
What are the prime factors of 3139388?
2, 7, 112121
List the prime fact